{"id":14,"date":"2018-06-12T13:49:59","date_gmt":"2018-06-12T18:49:59","guid":{"rendered":"https:\/\/fondorotatorioilc.com\/site\/mesmerize\/"},"modified":"2023-03-14T05:46:36","modified_gmt":"2023-03-14T10:46:36","slug":"mesmerize","status":"publish","type":"page","link":"https:\/\/fondorotatorioilc.com\/site\/","title":{"rendered":"Inicio"},"content":{"rendered":"\n\n\n\n\n<p class=\"wp-block-columns\">\n<\/p><p class=\"wp-block-column\">\n<\/p><p class=\"wp-block-image\"><\/p><figure class=\"aligncenter size-large is-resized\"><img decoding=\"async\" src=\"https:\/\/fondorotatorioilc.com\/site\/wp-content\/uploads\/2018\/12\/cropped-cropped-nuestro-interes-es-usted-3-1.jpg\" style=\"font-size: 1.125rem; font-weight: var(--bs-body-font-weight); text-align: var(--bs-body-text-align);\" alt=\"\" pl-media-id=\"3189\"><\/figure><p><\/p><p><\/p><p><\/p><p style=\"text-align: center;\"><em><font style=\"vertical-align: inherit;\"><font style=\"vertical-align: inherit;\">Haga cuentas&#8230; En el Fondo Rotatorio para los Trabajadores de la Industria Licorera de Caldas, Nuestro inter\u00e9s es usted!!<\/font><\/font><\/em><p\u00a0class=\"wp-block-columns\"><\/p\u00a0class=\"wp-block-columns\"><\/p><figure class=\"aligncenter size-large is-resized\"><\/figure>\n<p><\/p>\n\n\n<br>\n\n\n<p style=\"font-size: 1.5em; font-style: italic; line-height: 1.6;\"><font style=\"vertical-align: inherit;\"><font style=\"vertical-align: inherit;\"><font style=\"vertical-align: inherit;\">Si desea comprar vivienda, remodelar, comprar lote o construir&#8230;<\/font><\/font><\/font><\/p>\n\n\n<p style=\"font-size: 1.5em; font-style: italic; line-height: 1.6;\"><font style=\"vertical-align: inherit;\"><font style=\"vertical-align: inherit;\"><font style=\"vertical-align: inherit;\"><\/font><\/font><\/font><\/p><p style=\"font-size: 1.5em; font-style: italic; line-height: 1.6;\"><font style=\"vertical-align: inherit;\"><font style=\"vertical-align: inherit;\"><font style=\"vertical-align: inherit;\"><font style=\"vertical-align: inherit;\"><font style=\"vertical-align: inherit;\">y es usted trabajador de la Industria Licorera de Caldas<\/font><\/font><\/font><\/font><\/font><\/p>\n\n\n<p style=\"font-size: 1.5em; font-style: italic; line-height: 1.6;\"><font style=\"vertical-align: inherit;\"><font style=\"vertical-align: inherit;\"><font style=\"vertical-align: inherit;\"><font style=\"vertical-align: inherit;\"><font style=\"vertical-align: inherit;\">\u00a1Estamos para apoyarlo!<\/font><\/font><\/font><\/font><\/font><\/p><figure class=\"aligncenter size-large is-resized\"><\/figure>\n\n\n\n\n<div class=\"p-akk9345 pagelayer-text\">\n<div class=\"pagelayer-text-holder\">\n<h3>\u00a0<\/h3>\n<h3 class=\"aligncenter size-large is-resized\"><span><a href=\"https:\/\/fondorotatorioilc.com\/site\/quienes-somos\/\">Conozca m\u00e1s sobre nosotros<\/a>\u00a0\u00a0<\/span><\/h3>\n<p>\u00a0<\/p>\n<\/div>\n<\/div>\n<div class=\"p-9yj5356 pagelayer-text\">\n<div class=\"pagelayer-text-holder\">\n<h3 class=\"aligncenter size-large is-resized\"><span><a href=\"https:\/\/fondorotatorioilc.com\/site\/reglamento-de-prestamos\/\">Conozca nuestra reglamentaci\u00f3n para pr\u00e9stamos<\/a><\/span><\/h3>\n<p>\u00a0<\/p>\n<\/div>\n<\/div>\n\n\n<div class=\"wp-block-columns is-layout-flex wp-container-11\">\n<div class=\"wp-block-column is-layout-flow\" style=\"flex-basis:100%\">\n<div class=\"wp-block-columns is-layout-flex wp-container-9\">\n<div class=\"wp-block-column is-layout-flow\" style=\"flex-basis:100%\">\n<div class=\"wp-block-columns is-layout-flex wp-container-7\">\n<div class=\"wp-block-column is-layout-flow\" style=\"flex-basis:33.33%\">\n<ul>\n<li><a href=\"https:\/\/fondorotatorioilc.com\/site\/terminos-y-condiciones\/\">Consulte aqu\u00ed T\u00e9rminos y Condiciones<\/a><\/li>\n<li><a href=\"https:\/\/fondorotatorioilc.com\/site\/transparencia-y-acceso-a-la-informacion\/mecanismos-de-contacto\/politicas-de-seguridad-de-la-informacion-del-sitio-web-y-proteccion-de-datos-personales\/\">Conozca nuestra Pol\u00edtica de privacidad y tratamiento de datos personales<\/a><\/li>\n<li><a href=\"https:\/\/fondorotatorioilc.com\/site\/politica-de-derechos-de-autor\/\">Conozca Pol\u00edtica de derechos de autor y\/o autorizaci\u00f3n de uso sobre los contenidos<\/a><\/li>\n<\/ul>\n<\/div>\n\n\n\n<div class=\"wp-block-column is-layout-flow\" style=\"flex-basis:66.66%\">\n<div class=\"wp-block-columns is-layout-flex wp-container-5\">\n<div class=\"wp-block-column is-layout-flow\">\n<p><a href=\"https:\/\/fondorotatorioilc.com\/site\/pqrsf\/\"><strong data-rich-text-format-boundary=\"true\">Realice aqu\u00ed una pregunta, petici\u00f3n, sugerencia, queja, reclamo, denuncia o felicitaci\u00f3n<\/strong><\/a><img decoding=\"async\" loading=\"lazy\" class=\"alignnone  wp-image-3317\" src=\"https:\/\/fondorotatorioilc.com\/site\/wp-content\/uploads\/2023\/03\/pqrsdf.jpg\" alt=\"\" width=\"155\" height=\"170\" \/><\/p>\n<\/div>\n\n\n\n<div class=\"wp-block-column is-layout-flow\">\n<p><a href=\"https:\/\/fondorotatorioilc.com\/site\/transparencia-y-acceso-a-la-informacion\/transparencia-pasiva\/formulario-para-la-recepcion-de-solicitudes-de-informacion-publica\/\"><strong data-rich-text-format-boundary=\"true\">Realice aqu\u00ed una solicitud de informaci\u00f3n p\u00fablica<\/strong><\/a><\/p>\n<p><img decoding=\"async\" loading=\"lazy\" class=\"alignnone wp-image-3318 size-full\" src=\"https:\/\/fondorotatorioilc.com\/site\/wp-content\/uploads\/2023\/03\/solicitud-informacion-publica.jpg\" sizes=\"(max-width: 1005px) 100vw, 1005px\" srcset=\"https:\/\/fondorotatorioilc.com\/site\/wp-content\/uploads\/2023\/03\/solicitud-informacion-publica.jpg 1005w, https:\/\/fondorotatorioilc.com\/site\/wp-content\/uploads\/2023\/03\/solicitud-informacion-publica-300x300.jpg 300w, https:\/\/fondorotatorioilc.com\/site\/wp-content\/uploads\/2023\/03\/solicitud-informacion-publica-150x150.jpg 150w, https:\/\/fondorotatorioilc.com\/site\/wp-content\/uploads\/2023\/03\/solicitud-informacion-publica-768x768.jpg 768w\" alt=\"\" width=\"1005\" height=\"1005\" \/><\/p>\n<\/div>\n\n\n\n<div class=\"wp-block-column is-layout-flow\">\n<p><a href=\"https:\/\/www.procuraduria.gov.co\/portal\/solicitud_informacion_identificacion_reservada.page\"><strong data-rich-text-format-boundary=\"true\">Solicite informaci\u00f3n de naturaleza identidad reservada<\/strong><\/a><\/p>\n<p><img decoding=\"async\" loading=\"lazy\" class=\"alignnone wp-image-3319 size-full\" src=\"https:\/\/fondorotatorioilc.com\/site\/wp-content\/uploads\/2023\/03\/solicitud-informacion-reservada.jpg\" sizes=\"(max-width: 1005px) 100vw, 1005px\" srcset=\"https:\/\/fondorotatorioilc.com\/site\/wp-content\/uploads\/2023\/03\/solicitud-informacion-reservada.jpg 1005w, https:\/\/fondorotatorioilc.com\/site\/wp-content\/uploads\/2023\/03\/solicitud-informacion-reservada-300x300.jpg 300w, https:\/\/fondorotatorioilc.com\/site\/wp-content\/uploads\/2023\/03\/solicitud-informacion-reservada-150x150.jpg 150w, https:\/\/fondorotatorioilc.com\/site\/wp-content\/uploads\/2023\/03\/solicitud-informacion-reservada-768x768.jpg 768w\" alt=\"\" width=\"1005\" height=\"1005\" \/><\/p>\n<\/div>\n<\/div>\n\n\n\n<p><\/p>\n<\/div>\n<\/div>\n<\/div>\n<\/div>\n<\/div>\n<\/div>\n","protected":false},"excerpt":{"rendered":"<p>\u00a0 Conozca m\u00e1s sobre nosotros\u00a0\u00a0 \u00a0 Conozca nuestra reglamentaci\u00f3n para pr\u00e9stamos \u00a0 Consulte aqu\u00ed T\u00e9rminos y Condiciones Conozca nuestra Pol\u00edtica de privacidad y tratamiento de &hellip; <\/p>\n","protected":false},"author":1,"featured_media":0,"parent":0,"menu_order":0,"comment_status":"closed","ping_status":"closed","template":"","meta":[],"_links":{"self":[{"href":"https:\/\/fondorotatorioilc.com\/site\/wp-json\/wp\/v2\/pages\/14"}],"collection":[{"href":"https:\/\/fondorotatorioilc.com\/site\/wp-json\/wp\/v2\/pages"}],"about":[{"href":"https:\/\/fondorotatorioilc.com\/site\/wp-json\/wp\/v2\/types\/page"}],"author":[{"embeddable":true,"href":"https:\/\/fondorotatorioilc.com\/site\/wp-json\/wp\/v2\/users\/1"}],"replies":[{"embeddable":true,"href":"https:\/\/fondorotatorioilc.com\/site\/wp-json\/wp\/v2\/comments?post=14"}],"version-history":[{"count":84,"href":"https:\/\/fondorotatorioilc.com\/site\/wp-json\/wp\/v2\/pages\/14\/revisions"}],"predecessor-version":[{"id":3373,"href":"https:\/\/fondorotatorioilc.com\/site\/wp-json\/wp\/v2\/pages\/14\/revisions\/3373"}],"wp:attachment":[{"href":"https:\/\/fondorotatorioilc.com\/site\/wp-json\/wp\/v2\/media?parent=14"}],"curies":[{"name":"wp","href":"https:\/\/api.w.org\/{rel}","templated":true}]}}